4. Let z be p(7). Determine m(z).
-23
Let w(v) = v**2 + 2*v - 7. Let q be w(-5). Suppose 3*m + 2*i = q, 4*m - 3 - 7 = -3*i. Let b(r) = -7*r + m*r + 0*r**2 + 2*r + r**2. What is b(2)?
2
Suppose -2*h = -4*h + 5*n + 703, -5*h - 3*n = -1742. Let m(b) = h + 2*b - 3*b - 337 + 0*b. What is m(7)?
5
Let n(u) be the second derivative of u**4/6 - u**3/3 - u**2/2 + 5*u. Let d = -8 + 7. Determine n(d).
3
Let q(g) = g**3 + 5*g**2 + 4. Suppose 7 = h + 2. Suppose 4*w - 46 = -38. Suppose a = w*a + h. Determine q(a).
4
Let z(j) = -5*j**2 + 28*j + 13. Let r(d) = -6*d**2 + 24*d + 11. Let o(s) = -7*r(s) + 6*z(s). Determine o(-1).
13
Let f(y) = -y**2 + 297*y - 299*y + 5 - 3. Suppose 2*s + 4*i = 9 + 1, -i = -4. Give f(s).
-1
Suppose -n + 3*n = -4*h + 4, -13 = n - 3*h. Let v(d) = d**2 + d + 1. Determine v(n).
13
Let i(w) = w**2 - 6*w - 5. Let a be 6/(-4) - (-172)/8. Suppose 5*o + a = 55. Determine i(o).
2
Let g(m) = -m**3 - 3*m**2 - 3*m. Let p be g(-2). Suppose 4*k + 3*u - 63 = 0, -4*k + 55 = -4*u - 1. Let x(y) = p*y + 15 - k. Determine x(2).
4
Let r(n) = -30*n - 90. Let p be r(-3). Let l(v) = -v**3 + 2*v**2 - v + 1. Calculate l(p).
1
Suppose -19 = -3*p - 16*p. Let a(u) = 6*u - 7. Determine a(p).
-1
Let q(c) = c**2 + 2. Let b be (10/(-30))/((-1)/57). Suppose b*g + 2 = 20*g. Determine q(g).
6
Let p(j) be the third derivative of 1/24*j**4 - 3*j**2 - 1/120*j**6 + 4/3*j**3 - 7/60*j**5 + 0*j + 0. Give p(-7).
1
Let v(l) = -5*l + 23. Let w = -677 - -681. Give v(w).
3
Let o(s) = s**3 - 12*s**2 - 14*s + 15. Let d be o(13). Let i(r) = 4*r - 3*r - d*r - r - 2. Let f(g) = -3*g - 3. Let b(j) = 3*f(j) - 4*i(j). Determine b(-2).
1
Let u(o) be the first derivative of o**6/360 + o**5/30 - 5*o**4/24 + o**3/3 + 6. Let b(r) be the third derivative of u(r). Calculate b(-4).
-5
Let g be ((-16)/40)/((-4)/10). Let l = -35 + 46. Let y(k) = 5*k - l*k**2 - 5*k - 1 + 2*k. Give y(g).
-10
Let b(w) = -w**2 + 9*w - 8. Suppose 0 = 3*d - 40 - 32. Let m = d - 17. Let u be b(m). Let j(r) = r + 1. Determine j(u).
7
Let y(t) = t**2 + 7*t - 2. Suppose 690 = 5*c - 15*c. Let m = c + 61. Give y(m).
6
Suppose 0 = -4*i + 2*s + 164, 90 = 2*i + s - 0*s. Suppose 0 = -2*x + 1 + i. Let g = -24 + x. Let y(m) = m**2 - m. Calculate y(g).
6
Let j = -53 - -49. Let f(r) = -r**2 + 5*r - 1. What is f(j)?
-37
Let k(w) = 2*w**2 + 2. Suppose -4*h + 52 = -2*h. Let z = 29 - h. Suppose -z = 5*r + 7. Give k(r).
10
Let w(q) = -1 - 2 + 8*q - 11*q + 20*q. Let b(m) = -8*m + 1. Suppose 2*j - 3*i - 2*i - 11 = 0, 4*j = 4*i + 4. Let g(z) = j*w(z) - 5*b(z). Give g(1).
7
Let u(x) be the second derivative of -x**5/60 - x**4/3 + x**3/3 + 5*x**2/2 - 3*x + 4. Let h(g) be the second derivative of u(g). What is h(-6)?
4
Let z(h) be the first derivative of h**3/3 - 9*h**2 - 5*h - 64. What is z(19)?
14
Let b = -105 - -97. Let u be ((-4)/10)/(b/20). Let t(f) = 8*f - 3. Let r(y) = 15*y - 5. Let o(c) = -3*r(c) + 5*t(c). Calculate o(u).
-5
Let z(d) be the first derivative of 10*d**3/3 - 135. Suppose 2 = -2*p + a, 0 = -3*p + 2*a - 3 - 0. Determine z(p).
10
Let y(n) = n - 7. Let i(r) = -r**2 + 23*r + 153. Let p be i(28). Calculate y(p).
6
Suppose 27*t - 26*t = 2*q - 8, 5*q - 15 = 0. Let k(w) = -9*w. Calculate k(t).
18
Let q(b) be the first derivative of b**4/4 - 7*b**3/3 + 2*b**2 - 2*b + 15. Determine q(6).
-14
Let q be (-1)/((64/12)/16). Let g(i) = -2 - 4*i + 3*i + 3. Calculate g(q).
4
Suppose -p = 1 + 3. Let m = 39 + -37. Let k(y) = y**m - 6*y + 19*y - 6*y - 4 - 6*y. Give k(p).
8
Let o(d) be the first derivative of -d**4/2 - d**3/3 - d**2/2 - d + 38. Give o(-3).
47
Suppose 6*z - 2*n - 14 = 2*z, 0 = 5*n - 5. Suppose -3*s = s - z. Let u(k) = -2*k + 3*k + 0 + s - 2. Calculate u(-2).
-3
Let p(a) = -5*a**3 - a + 2. Let z be 2/8 + 144/(-64). Determine p(z).
44
Let z be -2 + 170 + -4 + 2. Let q = z + -165. Let r(d) = 12*d - 1. Determine r(q).
11
Let b be (-3 + (18 - 11))*14/8. Let z(l) = l**3 - 9*l**2 + 15*l - 9. Calculate z(b).
-2
Let q(u) be the second derivative of 3*u + u**2 + 5/6*u**3 - 1/20*u**5 + 0 - 1/4*u**4. What is q(-4)?
-2
Let j(z) = -z**2 - 6. Let y = 292 + -287. Give j(y).
-31
Let f(v) = -3*v**2 + 4*v + 7. Let d(a) = -5*a**2 + 5*a + 10. Let s(n) = 5*d(n) - 8*f(n). What is s(-6)?
0
Let n(s) = s**3 + 8*s**2 + 5*s - 10. Suppose 2*u + 12 = -2*i, i + 12*u = 7*u - 2. What is n(i)?
4
Let z(a) be the first derivative of -a**4/4 + a**3 + a**2/2 - 5. Let w be z(3). Let m(k) = 0*k + 0 + k**2 - 4 - 3 + w*k. Give m(-5).
3
Let a(x) = x - 7. Let q be 10*(-16)/(-160) + 0 + -4. What is a(q)?
-10
Suppose 2*b - 5*h + 3 = -2, h + 17 = 4*b. Let s(l) = -2*l - 4 - b*l**2 + 10*l**2 - 6*l**2. Suppose -2 = -c - 5. Calculate s(c).
-7
Let y(u) = 36 - u - 4 - 13 + 2*u. Give y(-9).
10
Let z(t) = 5*t - 4*t - t**3 + 3*t + 5*t**2 + 4 + t. Let h(a) = 6*a - 1. Let k be h(3). Let v = k + -11. What is z(v)?
-2
Let s(u) = -3*u**2 + 27*u - 7. Suppose 0 = 4*t + 5*k - 21, t = 4*k - k + 18. Give s(t).
-7
Let h(q) = 2*q**2 + 4*q - 42. Let f be h(-5). Let y(x) = 3*x + 3. Give y(f).
-33
Let f(j) = -j**2 - 6. Let p be (-3)/(-3) + 0 - -2. Suppose -10*g + 8*g + 6 = 0. Suppose t + 0 = 2*s - 2, g = -4*t + p*s. Calculate f(t).
-6
Let d be 4/14 - 24/(-14). Let q(j) = -j - 1. Let x(b) = -b**3 + 4*b**2 - 3*b + 4. Let y(k) = d*q(k) + x(k). Give y(3).
-4
Let p = 6 + -5. Let g = p - 4. Let d(f) be the first derivative of f**3 + 2*f**2 - f + 12. Give d(g).
14
Let o(m) = -5*m + 42. Let d be o(8). Let u(j) = -13*j + 4 + 9*j - j**2 - d*j. What is u(-6)?
4
Suppose 8*l + 98 = l. Let d be 6*(-2 - l/6). Let m(v) = 5*v + 0*v**d + v**2 + 5 + 2*v**2 - 2*v**2. What is m(-4)?
1
Let p(d) = -d**2 + 5*d - 6. Let m = 29 + -23. Suppose -3*h + 1 = -4*r + m, -5*h + 4*r = -5. What is p(h)?
-6
Let v(b) = -4*b + 5. Suppose n = -3*h + 14, -2*h = -4*n - 8 + 22. Let t be (-1)/(-5) + (-31)/n. Give v(t).
29
Let z(n) be the first derivative of -3*n**2/2 + 7*n - 263. What is z(2)?
1
Suppose -z = 4*z - 5*p - 5, -p + 3 = 0. Let g(w) = -w. Let m(b) = 2. Let x(n) = g(n) + m(n). Give x(z).
-2
Let z be ((-2)/(-6))/((-4)/12). Let v(c) be the second derivative of 17*c**4/12 + c**3/3 + c**2/2 - 22*c + 1. Give v(z).
16
Let l = 9 + -5. Let a(m) = 3*m - l - 3*m + m**2 + 6 + 2*m. Give a(-2).
2
Let x(a) = 46*a**2 - a. Let m be x(1). Suppose 0 = 4*c + z - 35, 3*c = -0*c + 3*z + m. Let s = c - 13. Let b(j) = j**3 + 2*j**2 - 4*j. What is b(s)?
3
Let k(i) = i**2 - 3*i - 2. Let z be k(3). Let q be 0 - (z + 8 + 2). Let u(l) = 8*l - 5. Let r(m) = -13*m + 9. Let v(h) = 3*r(h) + 5*u(h). Determine v(q).
-6
Let t(w) = w - 20. Let b = -483 + 500. Determine t(b).
-3
Let p(c) = -c - c**3 + c**2 - 2 - 3*c**3 + 1. Let t be -3*(-2 + 2/(-6)). Suppose -2*h + t = 3*h + 3*z, -z + 4 = 0. Calculate p(h).
5
Let h(j) = -12*j - 2. Let u be (-5 - (-300)/72) + (-14)/12. Calculate h(u).
22
Let u = 22 + -19. Let o(t) = -15*t**u + t + 0 - 1 - 466*t**2 + 465*t**2. Calculate o(1).
-16
Let o(w) = -5*w + 2 + 2*w - 11*w. Suppose -545*x + 10 = -536*x - 8. Calculate o(x).
-26
Let a be (-3 - -6)/(1/3). Let h be 4 - a - 0 - 0. Let i(t) = -5*t**3 - 6*t**2 + 0 + 4*t**3 + 2 - 3*t. What is i(h)?
-8
Let g(b) = b**3 - 20*b**2 - 21*b + 10. Let t be g(21). Suppose t*a = 11*a - 7. Let n(f) = -f + 6. Determine n(a).
-1
Let v(d) = 2*d**2 - 2*d - 4. Let h(y) = -y - 1. Let b(u) = -4*h(u) + v(u). Let o be 14/(-4)*32/56. Determine b(o).
4
Let i(z) = -6*z - 1. Let g(d) be the second derivative of 3*d**3 + d**2 - 7*d. Let w(k) = -3*g(k) - 8*i(k). Give w(2).
-10
Suppose -2 + 44 = 3*z. Let t(n) = z - n + 0*n - 6. Let q(h) = h**2 + 3*h - 3. Let x be q(2). Determine t(x).
1
Let u = -42 - -84. Let z = -40 + u. Let t(s) = -s**2 + s - 2. Calculate t(z).
-4
Let i(w) = 3*w + 64. Let z be 3*(49/(-21) - 4). Determine i(z).
7
Let k(r) = -4*r**2 - 17*r - 15. Let z be (18/(-24))/(3/(-4)). Let m(s) = 6 + 69*s - z + s**2 - 63*s. Let q(j) = 2*k(j) + 7*m(j). Give q(6).
17
Let t(d) = -2*d**2 - 14*d - 6. Let s be t(-6). Let m(i) = -2 - 4*i**2 + 3*i**2 + 9 + 5*i. What is m(s)?
1
Let f(p) = -p**2 + 7*p. Let q be 2*(2 - (-3)/2). Let t be 1/(-3)*(-36)/1. Let z be q + (-4)/t*3. Give f(z).
6
Let j(y) = -y**3 + 6*y**2 - y - 6. Let p(k) = 7*k**3 + k**2 - 10*k + 8. Let g be p(1). Calculate j(g).
-12
Let v(t) = -t**2 - 2*t - 2. Suppose 6 = 8*q - 10. Suppose q*w - 6 = -5*f, -5*w - f = -5*f + 18. Calculate v(w).
-2
Let z be -